 a prime number?
False
Is 6399251 prime?
True
Is 8810161 a composite number?
False
Is 93335743 composite?
True
Is 794 prime?
False
Is 7600451 a composite number?
False
Is 1923464431 a composite number?
True
Is 18703357 a composite number?
False
Is 6088171 prime?
True
Is 5939543 a composite number?
True
Is 75086335 a composite number?
True
Is 4147265 a prime number?
False
Is 13227077 composite?
False
Is 59359741 composite?
True
Is 41222119 a composite number?
False
Is 2190809 a prime number?
True
Is 151802011 prime?
False
Is 38681597 a prime number?
True
Is 37443499 composite?
False
Is 14716847 a prime number?
False
Is 52719803 prime?
True
Is 6633947 prime?
True
Is 6279551 composite?
False
Is 4630583 composite?
False
Is 161217569 prime?
True
Is 3601421 prime?
True
Is 2581801 a prime number?
False
Is 17726741 prime?
True
Is 1466849 composite?
True
Is 69888569 prime?
True
Is 10752367 a composite number?
False
Is 2352743 a prime number?
False
Is 17991667 a composite number?
True
Is 3435859 prime?
False
Is 10218041 composite?
False
Is 3600269 composite?
False
Is 29902279 a prime number?
False
Is 26193623 a prime number?
False
Is 88860521 prime?
False
Is 244472489 prime?
True
Is 16407413 prime?
False
Is 3862343 prime?
True
Is 1903751 prime?
False
Is 519451951 composite?
False
Is 19678493 a prime number?
False
Is 5144809 composite?
False
Is 4030859 composite?
True
Is 74303153 a prime number?
False
Is 80480267 composite?
True
Is 2381807 a composite number?
False
Is 1183933 composite?
False
Is 11249951 composite?
False
Is 29664289 prime?
True
Is 879307079 a composite number?
True
Is 325675003 a prime number?
True
Is 773076545 composite?
True
Is 206275871 a prime number?
True
Is 9811511 composite?
False
Is 12842491 a composite number?
False
Is 11508491 a composite number?
False
Is 4556705 prime?
False
Is 16290251 a composite number?
True
Is 259603 a prime number?
True
Is 1312442 a prime number?
False
Is 69991 a prime number?
True
Is 7047823 a composite number?
False
Is 481009 composite?
False
Is 37345571 composite?
False
Is 3124057 composite?
False
Is 26846429 a prime number?
False
Is 12473 composite?
False
Is 10063211 prime?
True
Is 220339319 a prime number?
False
Is 6626941 composite?
False
Is 160687951 prime?
True
Is 604235 prime?
False
Is 193937 prime?
True
Is 44995 prime?
False
Is 918679967 prime?
True
Is 6664417 a prime number?
True
Is 41723 a composite number?
True
Is 105187 a prime number?
False
Is 20288519 a composite number?
False
Is 296137847 prime?
True
Is 33724069 a composite number?
True
Is 574003 a prime number?
True
Is 3484489 a composite number?
False
Is 17079173 a composite number?
True
Is 954097 a composite number?
False
Is 12093593 a composite number?
True
Is 256785643 composite?
False
Is 155936579 composite?
False
Is 4818887 composite?
False
Is 545370985 a prime number?
False
Is 608326 composite?
True
Is 3722329 composite?
True
Is 5690305 composite?
True
Is 2422169 a prime number?
True
Is 1203123917 a composite number?
False
Is 3064561 composite?
False
Is 309649 composite?
True
Is 1835318 prime?
False
Is 7824389 prime?
False
Is 1605727 a prime number?
False
Is 621781 prime?
False
Is 10357829 a composite number?
False
Is 4571921 a prime number?
True
Is 15702487 a composite number?
False
Is 112799 composite?
False
Is 260207461 prime?
True
Is 383585983 composite?
True
Is 3737311 a prime number?
True
Is 732331 a composite number?
False
Is 1286561 a composite number?
False
Is 262684351 a prime number?
True
Is 607272833 a composite number?
False
Is 14783393 a prime number?
True
Is 2763169 a prime number?
True
Is 32551309 a composite number?
True
Is 2317267 prime?
True
Is 2275553911 a prime number?
True
Is 76025291 a prime number?
True
Is 2875331 a prime number?
True
Is 2995351 a composite number?
False
Is 249261761 prime?
False
Is 105087397 a composite number?
False
Is 348398657 prime?
False
Is 93382229 a prime number?
True
Is 11309137 a prime number?
False
Is 3758327 a composite number?
True
Is 11439889 a prime number?
False
Is 11086463 composite?
True
Is 593542619 a composite number?
False
Is 25722811 a prime number?
True
Is 50925449 a composite number?
False
Is 50716417 a prime number?
True
Is 323151 prime?
False
Is 919072991 composite?
True
Is 684746873 composite?
False
Is 2579803 composite?
False
Is 53618519 prime?
True
Is 323459681 composite?
False
Is 20590831 composite?
True
Is 76699837 a composite number?
False
Is 1186891 a composite number?
True
Is 7678429 a prime number?
False
Is 12736849 a prime number?
False
Is 911953 composite?
True
Is 7309391 a composite number?
False
Is 5221861 a prime number?
False
Is 39243647 a prime number?
False
Is 17255393 a composite number?
True
Is 93761017 a composite number?
True
Is 1813769 composite?
True
Is 313842143 composite?
False
Is 1296203 composite?
True
Is 8207743 a composite number?
False
Is 8769361 a composite number?
False
Is 379221959 a composite number?
False
Is 78016079 prime?
False
Is 25338899 prime?
True
Is 229295969 a prime number?
False
Is 152683 a prime number?
False
Is 69457 prime?
True
Is 315073961 prime?
True
Is 5330599 a composite number?
True
Is 2629673 composite?
True
Is 4127569 composite?
True
Is 1301585 a composite number?
True
Is 75506221 a prime number?
False
Is 326618069 composite?
False
Is 118821761 a composite number?
True
Is 3365993 composite?
True
Is 207537537 composite?
True
Is 373531673 prime?
True
Is 142469921 a prime number?
False
Is 1342871 prime?
True
Is 7641791 composite?
False
Is 100605223 a composite number?
False
Is 865247 prime?
True
Is 81195031 a prime number?
True
Is 26895181 a prime number?
True
Is 1497619 a composite number?
False
Is 126517 a prime number?
True
Is 788829989 prime?
False
Is 9284917 a prime number?
True
Is 49246823 prime?
True
Is 461257 a prime number?
True
Is 425969 prime?
False
Is 19518511 composite?
False
Is 870977 a prime number?
True
Is 75975563 a composite number?
True
Is 1771505 a prime number?
False
Is 60764063 a prime number?
True
Is 812807 composite?
False
Is 3741107 prime?
False
Is 32438801 a composite number?
False
Is 2114531 a composite number?
False
Is 3682909 prime?
False
Is 14859971 prime?
False
Is 231305 composite?
True
Is 32605357 a composite number?
True
Is 7126613 a composite number?
True
Is 158837071 a composite number?
False
Is 2302999 composite?
False
Is 19814043 composite?
True
Is 9374971 a prime number?
True
Is 116713483 prime?
False
Is 17111899 a composite number?
True
Is 94935427 a prime number?
True
Is 45611257 composite?
False
Is 1216681 prime?
True
Is 1756411 composite?
True
Is 7571413 a composite number?
True
Is 3537197 composite?
False
Is 2375713 prime?
True
Is 14670541 prime?
False
Is 7297793 a prime number?
False
Is 97104047 prime?
False
Is 545431 prime?
False
Is 1146991 prime?
False
Is 6721133 composite?
False
Is 408533 composite?
False
Is 188555137 prime?
True
Is 908171861 composite?
True
Is 9388303 a prime number?
False
Is 196170823 prime?
True
Is 943438 a prime number?
False
Is 3592969 composite?
False
Is 265193 prime?
True
Is 693072539 composite?
False
Is 1035457 a composite number?
True
Is 39420581 composite?
False
Is 3781901 composite?
False
Is 8369849 a prime number?
True
Is 10638605 prime?
False
Is 1410058259 a prime number?
True
Is 34061 a prime number?
True
Is 689149379 composite?
False
Is 7261271 composite?
False
Is 547571 a composite number?
True
Is 18811441 composite?
True
Is 170189323 prime?
False
Is 29814874 prime?
False
Is 47659273 a composite number?
False
Is 5223899 a composite number?
False
Is 1830253 a prime number?
True
Is 161558749 a prime number?
False
Is 4218887 a composite number?
True
Is 2387977 a prime number?
False
Is 53690381 a prime number?
True
Is 169333 a prime number?
False
Is 32936213 prime?
False
Is 439253 a prime number?
True
Is 108340513 prime?
True
Is 10266106 a prime number?
False
Is 473719 prime?
True
Is 54703241 composite?
False
Is 48214009 a prime number?
True
Is 38333389 a composite number?
True
Is 12035843 a composite number?
True
Is 38298409 a composite number?
False
Is 2244971 a composite number?
True
Is 81877249 prime?
True
Is 2425669 a composite number?
False
Is 288287053 a composite number?
False
Is 44982851 a composite number?
False
Is 15594823 a